{"id":333,"date":"2026-04-18T20:39:38","date_gmt":"2026-04-18T23:39:38","guid":{"rendered":"https:\/\/cafearte.art\/home\/?page_id=333"},"modified":"2026-04-18T20:52:02","modified_gmt":"2026-04-18T23:52:02","slug":"huila","status":"publish","type":"page","link":"https:\/\/cafearte.art\/home\/huila\/","title":{"rendered":"Huila"},"content":{"rendered":"\t\t<div data-elementor-type=\"wp-page\" data-elementor-id=\"333\" class=\"elementor elementor-333\">\n\t\t\t\t<div class=\"elementor-element elementor-element-d2f1928 e-flex e-con-boxed e-con e-parent\" data-id=\"d2f1928\" data-element_type=\"container\" data-e-type=\"container\">\n\t\t\t\t\t<div class=\"e-con-inner\">\n\t\t\t\t<div class=\"elementor-element elementor-element-32601a1 elementor-widget elementor-widget-google_maps\" data-id=\"32601a1\" data-element_type=\"widget\" data-e-type=\"widget\" data-widget_type=\"google_maps.default\">\n\t\t\t\t\t\t\t<div class=\"elementor-custom-embed\">\n\t\t\t<iframe loading=\"lazy\"\n\t\t\t\t\tsrc=\"https:\/\/maps.google.com\/maps?q=huila&#038;t=m&#038;z=6&#038;output=embed&#038;iwloc=near\"\n\t\t\t\t\ttitle=\"huila\"\n\t\t\t\t\taria-label=\"huila\"\n\t\t\t><\/iframe>\n\t\t<\/div>\n\t\t\t\t\t\t<\/div>\n\t\t\t\t\t<\/div>\n\t\t\t\t<\/div>\n\t\t<div class=\"elementor-element elementor-element-8ff3457 e-flex e-con-boxed e-con e-parent\" data-id=\"8ff3457\" data-element_type=\"container\" data-e-type=\"container\">\n\t\t\t\t\t<div class=\"e-con-inner\">\n\t\t\t\t<div class=\"elementor-element elementor-element-345a684 eael-product-gallery-column-3 elementor-widget elementor-widget-eael-woo-product-gallery\" data-id=\"345a684\" data-element_type=\"widget\" data-e-type=\"widget\" data-settings=\"{&quot;eael_product_gallery_column&quot;:&quot;3&quot;}\" data-widget_type=\"eael-woo-product-gallery.default\">\n\t\t\t\t\t\n        <div class=\"eael-product-gallery eael-product-preset-1 masonry eael-terms-layout-horizontal\" id=\"eael-product-gallery\" data-widget-id=\"345a684\" data-page-id=\"333\" data-nonce=\"be74971767\" >\n\t\t\t\n            <div class=\"woocommerce\">\n\t\t\t\t<ul class=\"products eael-post-appender eael-post-appender-345a684\" data-layout-mode=\"masonry\" data-ssi-desktop=\"no\" >\n<li class=\"product  post-419 type-product status-publish has-post-thumbnail product_cat-herramientas first instock shipping-taxable purchasable product-type-variable\">\n<div class=\"eael-product-wrap\" data-src=\"\" data-src-hover=\"\" >\n        <div class=\"product-image-wrap\">\n        <div class=\"image-wrap\">\n            <img fetchpriority=\"high\" decoding=\"async\" width=\"300\" height=\"300\" src=\"https:\/\/cafearte.art\/wp-content\/uploads\/2026\/04\/b53e1fe3-0a3e-4911-964c-fccef2b39aa8-300x300.jpg\" class=\"attachment-medium size-medium\" alt=\"Taza automatica\" loading=\"eager\" srcset=\"https:\/\/cafearte.art\/wp-content\/uploads\/2026\/04\/b53e1fe3-0a3e-4911-964c-fccef2b39aa8-300x300.jpg 300w, https:\/\/cafearte.art\/wp-content\/uploads\/2026\/04\/b53e1fe3-0a3e-4911-964c-fccef2b39aa8-150x150.jpg 150w, https:\/\/cafearte.art\/wp-content\/uploads\/2026\/04\/b53e1fe3-0a3e-4911-964c-fccef2b39aa8-600x600.jpg 600w, https:\/\/cafearte.art\/wp-content\/uploads\/2026\/04\/b53e1fe3-0a3e-4911-964c-fccef2b39aa8-100x100.jpg 100w, https:\/\/cafearte.art\/wp-content\/uploads\/2026\/04\/b53e1fe3-0a3e-4911-964c-fccef2b39aa8.jpg 760w\" sizes=\"(max-width: 300px) 100vw, 300px\" \/>        <\/div>\n        <div class=\"image-hover-wrap\">\n            <ul class=\"icons-wrap over-box-style\">\n                                    <li class=\"add-to-cart\"><a href=\"https:\/\/cafearte.art\/home\/producto\/taza-automatica\/\" aria-describedby=\"woocommerce_loop_add_to_cart_link_describedby_419\" data-quantity=\"1\" class=\"button product_type_variable add_to_cart_button\" data-product_id=\"419\" data-product_sku=\"CJGE1780283\" aria-label=\"Elige las opciones para &ldquo;Taza automatica&rdquo;\" rel=\"nofollow\">Seleccionar opciones<\/a>\t<span id=\"woocommerce_loop_add_to_cart_link_describedby_419\" class=\"screen-reader-text\">\n\t\tEste producto tiene m\u00faltiples variantes. Las opciones se pueden elegir en la p\u00e1gina de producto\t<\/span>\n<\/li>\n                                                    <li class=\"eael-product-quick-view\">\n                        <a id=\"eael_quick_view_69e4c93a52658\" data-quickview-setting=\"{&quot;widget_id&quot;:&quot;345a684&quot;,&quot;product_id&quot;:419,&quot;page_id&quot;:333}\"\n                            class=\"eael-product-gallery-open-popup open-popup-link\">\n                            <i class=\"fas fa-eye\"><\/i>\n                        <\/a>\n                    <\/li>\n                                                    <li class=\"view-details\"><a href=\"https:\/\/cafearte.art\/home\/producto\/taza-automatica\/\" aria-label=\"View Details about Taza automatica\" ><i class=\"fas fa-link\"><\/i><\/a><\/li>\n                            <\/ul>\n        <\/div>\n    <\/div>\n    <div class=\"product-details-wrap\">\n        <div class=\"eael-product-price\"><span class=\"woocommerce-Price-amount amount\" aria-hidden=\"true\"><bdi><span class=\"woocommerce-Price-currencySymbol\">&#36;<\/span>26.700<\/bdi><\/span> <span aria-hidden=\"true\">-<\/span> <span class=\"woocommerce-Price-amount amount\" aria-hidden=\"true\"><bdi><span class=\"woocommerce-Price-currencySymbol\">&#36;<\/span>32.900<\/bdi><\/span><span class=\"screen-reader-text\">Rango de precios: desde &#36;26.700 hasta &#36;32.900<\/span><\/div>        <div class=\"eael-product-title\">\n            <a href=\"https:\/\/cafearte.art\/home\/producto\/taza-automatica\/\" class=\"woocommerce-LoopProduct-link woocommerce-loop-product__link\"><h2>Taza automatica<\/h2><\/a>        <\/div>\n    <\/div>\n\n    <\/div>\n<\/li>\n<li class=\"product  post-404 type-product status-publish has-post-thumbnail product_cat-herramientas instock shipping-taxable purchasable product-type-variable\">\n<div class=\"eael-product-wrap\" data-src=\"\" data-src-hover=\"\" >\n        <div class=\"product-image-wrap\">\n        <div class=\"image-wrap\">\n            <img decoding=\"async\" width=\"300\" height=\"300\" src=\"https:\/\/cafearte.art\/wp-content\/uploads\/2026\/04\/0d4088a9-3604-496d-936f-c50be3a2c40f-300x300.jpg\" class=\"attachment-medium size-medium\" alt=\"Moledor simple\" loading=\"eager\" srcset=\"https:\/\/cafearte.art\/wp-content\/uploads\/2026\/04\/0d4088a9-3604-496d-936f-c50be3a2c40f-300x300.jpg 300w, https:\/\/cafearte.art\/wp-content\/uploads\/2026\/04\/0d4088a9-3604-496d-936f-c50be3a2c40f-150x150.jpg 150w, https:\/\/cafearte.art\/wp-content\/uploads\/2026\/04\/0d4088a9-3604-496d-936f-c50be3a2c40f-768x768.jpg 768w, https:\/\/cafearte.art\/wp-content\/uploads\/2026\/04\/0d4088a9-3604-496d-936f-c50be3a2c40f-600x600.jpg 600w, https:\/\/cafearte.art\/wp-content\/uploads\/2026\/04\/0d4088a9-3604-496d-936f-c50be3a2c40f-100x100.jpg 100w, https:\/\/cafearte.art\/wp-content\/uploads\/2026\/04\/0d4088a9-3604-496d-936f-c50be3a2c40f.jpg 800w\" sizes=\"(max-width: 300px) 100vw, 300px\" \/>        <\/div>\n        <div class=\"image-hover-wrap\">\n            <ul class=\"icons-wrap over-box-style\">\n                                    <li class=\"add-to-cart\"><a href=\"https:\/\/cafearte.art\/home\/producto\/moledor-simple\/\" aria-describedby=\"woocommerce_loop_add_to_cart_link_describedby_404\" data-quantity=\"1\" class=\"button product_type_variable add_to_cart_button\" data-product_id=\"404\" data-product_sku=\"CJCF1188933\" aria-label=\"Elige las opciones para &ldquo;Moledor simple&rdquo;\" rel=\"nofollow\">Seleccionar opciones<\/a>\t<span id=\"woocommerce_loop_add_to_cart_link_describedby_404\" class=\"screen-reader-text\">\n\t\tEste producto tiene m\u00faltiples variantes. Las opciones se pueden elegir en la p\u00e1gina de producto\t<\/span>\n<\/li>\n                                                    <li class=\"eael-product-quick-view\">\n                        <a id=\"eael_quick_view_69e4c93a56dd4\" data-quickview-setting=\"{&quot;widget_id&quot;:&quot;345a684&quot;,&quot;product_id&quot;:404,&quot;page_id&quot;:333}\"\n                            class=\"eael-product-gallery-open-popup open-popup-link\">\n                            <i class=\"fas fa-eye\"><\/i>\n                        <\/a>\n                    <\/li>\n                                                    <li class=\"view-details\"><a href=\"https:\/\/cafearte.art\/home\/producto\/moledor-simple\/\" aria-label=\"View Details about Moledor simple\" ><i class=\"fas fa-link\"><\/i><\/a><\/li>\n                            <\/ul>\n        <\/div>\n    <\/div>\n    <div class=\"product-details-wrap\">\n        <div class=\"eael-product-price\"><span class=\"woocommerce-Price-amount amount\" aria-hidden=\"true\"><bdi><span class=\"woocommerce-Price-currencySymbol\">&#36;<\/span>29.900<\/bdi><\/span> <span aria-hidden=\"true\">-<\/span> <span class=\"woocommerce-Price-amount amount\" aria-hidden=\"true\"><bdi><span class=\"woocommerce-Price-currencySymbol\">&#36;<\/span>37.800<\/bdi><\/span><span class=\"screen-reader-text\">Rango de precios: desde &#36;29.900 hasta &#36;37.800<\/span><\/div>        <div class=\"eael-product-title\">\n            <a href=\"https:\/\/cafearte.art\/home\/producto\/moledor-simple\/\" class=\"woocommerce-LoopProduct-link woocommerce-loop-product__link\"><h2>Moledor simple<\/h2><\/a>        <\/div>\n    <\/div>\n\n    <\/div>\n<\/li>\n<li class=\"product  post-394 type-product status-publish has-post-thumbnail product_cat-herramientas instock shipping-taxable purchasable product-type-variable\">\n<div class=\"eael-product-wrap\" data-src=\"\" data-src-hover=\"\" >\n        <div class=\"product-image-wrap\">\n        <div class=\"image-wrap\">\n            <img decoding=\"async\" width=\"300\" height=\"300\" src=\"https:\/\/cafearte.art\/wp-content\/uploads\/2026\/04\/680684867540-300x300.jpg\" class=\"attachment-medium size-medium\" alt=\"Moledor de mano Fierro\" loading=\"eager\" srcset=\"https:\/\/cafearte.art\/wp-content\/uploads\/2026\/04\/680684867540-300x300.jpg 300w, https:\/\/cafearte.art\/wp-content\/uploads\/2026\/04\/680684867540-150x150.jpg 150w, https:\/\/cafearte.art\/wp-content\/uploads\/2026\/04\/680684867540-768x768.jpg 768w, https:\/\/cafearte.art\/wp-content\/uploads\/2026\/04\/680684867540-600x600.jpg 600w, https:\/\/cafearte.art\/wp-content\/uploads\/2026\/04\/680684867540-100x100.jpg 100w, https:\/\/cafearte.art\/wp-content\/uploads\/2026\/04\/680684867540.jpg 800w\" sizes=\"(max-width: 300px) 100vw, 300px\" \/>        <\/div>\n        <div class=\"image-hover-wrap\">\n            <ul class=\"icons-wrap over-box-style\">\n                                    <li class=\"add-to-cart\"><a href=\"https:\/\/cafearte.art\/home\/producto\/moledor-de-mano-fierro\/\" aria-describedby=\"woocommerce_loop_add_to_cart_link_describedby_394\" data-quantity=\"1\" class=\"button product_type_variable add_to_cart_button\" data-product_id=\"394\" data-product_sku=\"CJJJCFCJ00590\" aria-label=\"Elige las opciones para &ldquo;Moledor de mano Fierro&rdquo;\" rel=\"nofollow\">Seleccionar opciones<\/a>\t<span id=\"woocommerce_loop_add_to_cart_link_describedby_394\" class=\"screen-reader-text\">\n\t\tEste producto tiene m\u00faltiples variantes. Las opciones se pueden elegir en la p\u00e1gina de producto\t<\/span>\n<\/li>\n                                                    <li class=\"eael-product-quick-view\">\n                        <a id=\"eael_quick_view_69e4c93a5b616\" data-quickview-setting=\"{&quot;widget_id&quot;:&quot;345a684&quot;,&quot;product_id&quot;:394,&quot;page_id&quot;:333}\"\n                            class=\"eael-product-gallery-open-popup open-popup-link\">\n                            <i class=\"fas fa-eye\"><\/i>\n                        <\/a>\n                    <\/li>\n                                                    <li class=\"view-details\"><a href=\"https:\/\/cafearte.art\/home\/producto\/moledor-de-mano-fierro\/\" aria-label=\"View Details about Moledor de mano Fierro\" ><i class=\"fas fa-link\"><\/i><\/a><\/li>\n                            <\/ul>\n        <\/div>\n    <\/div>\n    <div class=\"product-details-wrap\">\n        <div class=\"eael-product-price\"><span class=\"woocommerce-Price-amount amount\"><bdi><span class=\"woocommerce-Price-currencySymbol\">&#36;<\/span>34.900<\/bdi><\/span><\/div>        <div class=\"eael-product-title\">\n            <a href=\"https:\/\/cafearte.art\/home\/producto\/moledor-de-mano-fierro\/\" class=\"woocommerce-LoopProduct-link woocommerce-loop-product__link\"><h2>Moledor de mano Fierro<\/h2><\/a>        <\/div>\n    <\/div>\n\n    <\/div>\n<\/li><\/ul>            <div class=\"eael-load-more-button-wrap eael-force-hide\">\n                <button class=\"eael-load-more-button\" id=\"eael-load-more-btn-345a684\" data-widget-id=\"345a684\" data-widget=\"345a684\" data-page-id=\"333\" data-template=\"{&quot;dir&quot;:&quot;lite&quot;,&quot;file_name&quot;:&quot;preset-1.php&quot;,&quot;name&quot;:&quot;Woo-Product-Gallery&quot;}\" data-class=\"Essential_Addons_Elementor\\Elements\\Woo_Product_Gallery\" data-layout=\"masonry\" data-page=\"1\" data-args=\"post_type=product&amp;post_status%5B0%5D=publish&amp;post_status%5B1%5D=pending&amp;post_status%5B2%5D=future&amp;posts_per_page=3&amp;order=desc&amp;offset=0&amp;tax_query%5Brelation%5D=AND&amp;tax_query%5B0%5D%5Btaxonomy%5D=product_visibility&amp;tax_query%5B0%5D%5Bfield%5D=name&amp;tax_query%5B0%5D%5Bterms%5D%5B0%5D=exclude-from-search&amp;tax_query%5B0%5D%5Bterms%5D%5B1%5D=exclude-from-catalog&amp;tax_query%5B0%5D%5Boperator%5D=NOT+IN&amp;orderby=date&amp;meta_query%5Brelation%5D=AND&amp;found_posts=15\" data-max-page=\"5\">\n                    <span class=\"eael-btn-loader button__loader\"><\/span>\n                    <span class=\"eael_load_more_text\"><\/span>\n                <\/button>\n            <\/div>\n                        <\/div>\n        <\/div>\n        <script type=\"text\/javascript\">\n\t\t\tjQuery(document).ready(function ($) {\n\t\t\t\tvar $scope = jQuery(\".elementor-element-345a684\");\n\t\t\t\tvar $products = $('.products', $scope);\n\t\t\t\tvar $layout_mode = $products.data('layout-mode');\n\n\t\t\t\tif ($layout_mode === 'masonry') {\n\t\t\t\t\t\/\/ init isotope\n\t\t\t\t\tvar $isotope_products = $products.isotope({ itemSelector: \"li.product\", layoutMode: $layout_mode, percentPosition: true });\n\t\t\t\t\t$isotope_products.imagesLoaded().progress(function () {\n\t\t\t\t\t\t$isotope_products.isotope('layout');\n\t\t\t\t\t})\n\n\t\t\t\t\t$(window).on('resize', function () {\n\t\t\t\t\t\t$isotope_products.isotope('layout');\n\t\t\t\t\t});\n\t\t\t\t}\n\t\t\t});\n        <\/script>\n\t\t\t\t\t\t<\/div>\n\t\t\t\t\t<\/div>\n\t\t\t\t<\/div>\n\t\t\t\t<\/div>\n\t\t","protected":false},"excerpt":{"rendered":"<p>Agregar al carrito &#36;13.000 Chile M\u00e9xico Agregar al carrito &#36;13.000 Caf\u00e9 canela Agregar al carrito &#36;13.000 Caf\u00e9 cacao<\/p>\n","protected":false},"author":1,"featured_media":0,"parent":0,"menu_order":0,"comment_status":"closed","ping_status":"closed","template":"","meta":{"footnotes":""},"class_list":["post-333","page","type-page","status-publish","hentry"],"yoast_head":"<!-- This site is optimized with the Yoast SEO plugin v27.3 - https:\/\/yoast.com\/product\/yoast-seo-wordpress\/ -->\n<title>Huila - Cafe Arte<\/title>\n<meta name=\"robots\" content=\"index, follow, max-snippet:-1, max-image-preview:large, max-video-preview:-1\" \/>\n<link rel=\"canonical\" href=\"https:\/\/cafearte.art\/home\/huila\/\" \/>\n<meta property=\"og:locale\" content=\"es_ES\" \/>\n<meta property=\"og:type\" content=\"article\" \/>\n<meta property=\"og:title\" content=\"Huila - Cafe Arte\" \/>\n<meta property=\"og:description\" content=\"Agregar al carrito &#036;13.000 Chile M\u00e9xico Agregar al carrito &#036;13.000 Caf\u00e9 canela Agregar al carrito &#036;13.000 Caf\u00e9 cacao\" \/>\n<meta property=\"og:url\" content=\"https:\/\/cafearte.art\/home\/huila\/\" \/>\n<meta property=\"og:site_name\" content=\"Cafe Arte\" \/>\n<meta property=\"article:modified_time\" content=\"2026-04-18T23:52:02+00:00\" \/>\n<meta property=\"og:image\" content=\"https:\/\/cafearte.art\/wp-content\/uploads\/woocommerce-placeholder-300x300.webp\" \/>\n<meta name=\"twitter:card\" content=\"summary_large_image\" \/>\n<script type=\"application\/ld+json\" class=\"yoast-schema-graph\">{\"@context\":\"https:\\\/\\\/schema.org\",\"@graph\":[{\"@type\":\"WebPage\",\"@id\":\"https:\\\/\\\/cafearte.art\\\/home\\\/huila\\\/\",\"url\":\"https:\\\/\\\/cafearte.art\\\/home\\\/huila\\\/\",\"name\":\"Huila - Cafe Arte\",\"isPartOf\":{\"@id\":\"https:\\\/\\\/cafearte.art\\\/home\\\/#website\"},\"primaryImageOfPage\":{\"@id\":\"https:\\\/\\\/cafearte.art\\\/home\\\/huila\\\/#primaryimage\"},\"image\":{\"@id\":\"https:\\\/\\\/cafearte.art\\\/home\\\/huila\\\/#primaryimage\"},\"thumbnailUrl\":\"https:\\\/\\\/cafearte.art\\\/wp-content\\\/uploads\\\/woocommerce-placeholder-300x300.webp\",\"datePublished\":\"2026-04-18T23:39:38+00:00\",\"dateModified\":\"2026-04-18T23:52:02+00:00\",\"breadcrumb\":{\"@id\":\"https:\\\/\\\/cafearte.art\\\/home\\\/huila\\\/#breadcrumb\"},\"inLanguage\":\"es-CL\",\"potentialAction\":[{\"@type\":\"ReadAction\",\"target\":[\"https:\\\/\\\/cafearte.art\\\/home\\\/huila\\\/\"]}]},{\"@type\":\"ImageObject\",\"inLanguage\":\"es-CL\",\"@id\":\"https:\\\/\\\/cafearte.art\\\/home\\\/huila\\\/#primaryimage\",\"url\":\"https:\\\/\\\/cafearte.art\\\/wp-content\\\/uploads\\\/woocommerce-placeholder-300x300.webp\",\"contentUrl\":\"https:\\\/\\\/cafearte.art\\\/wp-content\\\/uploads\\\/woocommerce-placeholder-300x300.webp\"},{\"@type\":\"BreadcrumbList\",\"@id\":\"https:\\\/\\\/cafearte.art\\\/home\\\/huila\\\/#breadcrumb\",\"itemListElement\":[{\"@type\":\"ListItem\",\"position\":1,\"name\":\"Portada\",\"item\":\"https:\\\/\\\/cafearte.art\\\/home\\\/\"},{\"@type\":\"ListItem\",\"position\":2,\"name\":\"Huila\"}]},{\"@type\":\"WebSite\",\"@id\":\"https:\\\/\\\/cafearte.art\\\/home\\\/#website\",\"url\":\"https:\\\/\\\/cafearte.art\\\/home\\\/\",\"name\":\"Cafe Arte\",\"description\":\"\",\"publisher\":{\"@id\":\"https:\\\/\\\/cafearte.art\\\/home\\\/#organization\"},\"potentialAction\":[{\"@type\":\"SearchAction\",\"target\":{\"@type\":\"EntryPoint\",\"urlTemplate\":\"https:\\\/\\\/cafearte.art\\\/home\\\/?s={search_term_string}\"},\"query-input\":{\"@type\":\"PropertyValueSpecification\",\"valueRequired\":true,\"valueName\":\"search_term_string\"}}],\"inLanguage\":\"es-CL\"},{\"@type\":\"Organization\",\"@id\":\"https:\\\/\\\/cafearte.art\\\/home\\\/#organization\",\"name\":\"Cafe Arte\",\"url\":\"https:\\\/\\\/cafearte.art\\\/home\\\/\",\"logo\":{\"@type\":\"ImageObject\",\"inLanguage\":\"es-CL\",\"@id\":\"https:\\\/\\\/cafearte.art\\\/home\\\/#\\\/schema\\\/logo\\\/image\\\/\",\"url\":\"https:\\\/\\\/cafearte.art\\\/wp-content\\\/uploads\\\/2026\\\/04\\\/cropped-LOGO.png\",\"contentUrl\":\"https:\\\/\\\/cafearte.art\\\/wp-content\\\/uploads\\\/2026\\\/04\\\/cropped-LOGO.png\",\"width\":512,\"height\":512,\"caption\":\"Cafe Arte\"},\"image\":{\"@id\":\"https:\\\/\\\/cafearte.art\\\/home\\\/#\\\/schema\\\/logo\\\/image\\\/\"},\"sameAs\":[\"https:\\\/\\\/www.instagram.com\\\/cafe.arte396\\\/\"]}]}<\/script>\n<!-- \/ Yoast SEO plugin. -->","yoast_head_json":{"title":"Huila - Cafe Arte","robots":{"index":"index","follow":"follow","max-snippet":"max-snippet:-1","max-image-preview":"max-image-preview:large","max-video-preview":"max-video-preview:-1"},"canonical":"https:\/\/cafearte.art\/home\/huila\/","og_locale":"es_ES","og_type":"article","og_title":"Huila - Cafe Arte","og_description":"Agregar al carrito &#36;13.000 Chile M\u00e9xico Agregar al carrito &#36;13.000 Caf\u00e9 canela Agregar al carrito &#36;13.000 Caf\u00e9 cacao","og_url":"https:\/\/cafearte.art\/home\/huila\/","og_site_name":"Cafe Arte","article_modified_time":"2026-04-18T23:52:02+00:00","og_image":[{"url":"https:\/\/cafearte.art\/wp-content\/uploads\/woocommerce-placeholder-300x300.webp","type":"","width":"","height":""}],"twitter_card":"summary_large_image","schema":{"@context":"https:\/\/schema.org","@graph":[{"@type":"WebPage","@id":"https:\/\/cafearte.art\/home\/huila\/","url":"https:\/\/cafearte.art\/home\/huila\/","name":"Huila - Cafe Arte","isPartOf":{"@id":"https:\/\/cafearte.art\/home\/#website"},"primaryImageOfPage":{"@id":"https:\/\/cafearte.art\/home\/huila\/#primaryimage"},"image":{"@id":"https:\/\/cafearte.art\/home\/huila\/#primaryimage"},"thumbnailUrl":"https:\/\/cafearte.art\/wp-content\/uploads\/woocommerce-placeholder-300x300.webp","datePublished":"2026-04-18T23:39:38+00:00","dateModified":"2026-04-18T23:52:02+00:00","breadcrumb":{"@id":"https:\/\/cafearte.art\/home\/huila\/#breadcrumb"},"inLanguage":"es-CL","potentialAction":[{"@type":"ReadAction","target":["https:\/\/cafearte.art\/home\/huila\/"]}]},{"@type":"ImageObject","inLanguage":"es-CL","@id":"https:\/\/cafearte.art\/home\/huila\/#primaryimage","url":"https:\/\/cafearte.art\/wp-content\/uploads\/woocommerce-placeholder-300x300.webp","contentUrl":"https:\/\/cafearte.art\/wp-content\/uploads\/woocommerce-placeholder-300x300.webp"},{"@type":"BreadcrumbList","@id":"https:\/\/cafearte.art\/home\/huila\/#breadcrumb","itemListElement":[{"@type":"ListItem","position":1,"name":"Portada","item":"https:\/\/cafearte.art\/home\/"},{"@type":"ListItem","position":2,"name":"Huila"}]},{"@type":"WebSite","@id":"https:\/\/cafearte.art\/home\/#website","url":"https:\/\/cafearte.art\/home\/","name":"Cafe Arte","description":"","publisher":{"@id":"https:\/\/cafearte.art\/home\/#organization"},"potentialAction":[{"@type":"SearchAction","target":{"@type":"EntryPoint","urlTemplate":"https:\/\/cafearte.art\/home\/?s={search_term_string}"},"query-input":{"@type":"PropertyValueSpecification","valueRequired":true,"valueName":"search_term_string"}}],"inLanguage":"es-CL"},{"@type":"Organization","@id":"https:\/\/cafearte.art\/home\/#organization","name":"Cafe Arte","url":"https:\/\/cafearte.art\/home\/","logo":{"@type":"ImageObject","inLanguage":"es-CL","@id":"https:\/\/cafearte.art\/home\/#\/schema\/logo\/image\/","url":"https:\/\/cafearte.art\/wp-content\/uploads\/2026\/04\/cropped-LOGO.png","contentUrl":"https:\/\/cafearte.art\/wp-content\/uploads\/2026\/04\/cropped-LOGO.png","width":512,"height":512,"caption":"Cafe Arte"},"image":{"@id":"https:\/\/cafearte.art\/home\/#\/schema\/logo\/image\/"},"sameAs":["https:\/\/www.instagram.com\/cafe.arte396\/"]}]}},"_links":{"self":[{"href":"https:\/\/cafearte.art\/home\/wp-json\/wp\/v2\/pages\/333","targetHints":{"allow":["GET"]}}],"collection":[{"href":"https:\/\/cafearte.art\/home\/wp-json\/wp\/v2\/pages"}],"about":[{"href":"https:\/\/cafearte.art\/home\/wp-json\/wp\/v2\/types\/page"}],"author":[{"embeddable":true,"href":"https:\/\/cafearte.art\/home\/wp-json\/wp\/v2\/users\/1"}],"replies":[{"embeddable":true,"href":"https:\/\/cafearte.art\/home\/wp-json\/wp\/v2\/comments?post=333"}],"version-history":[{"count":7,"href":"https:\/\/cafearte.art\/home\/wp-json\/wp\/v2\/pages\/333\/revisions"}],"predecessor-version":[{"id":371,"href":"https:\/\/cafearte.art\/home\/wp-json\/wp\/v2\/pages\/333\/revisions\/371"}],"wp:attachment":[{"href":"https:\/\/cafearte.art\/home\/wp-json\/wp\/v2\/media?parent=333"}],"curies":[{"name":"wp","href":"https:\/\/api.w.org\/{rel}","templated":true}]}}